*o**2 + 3*o + 2*o**z + 3*o**2 + o**2. Let m be (1 - 4) + 6 - (-1 - -2). Calculate b(m).
6
Let j(m) = -14*m - 122. Suppose -3*f + 39 - 58 = 4*x, f = 4*x + 31. What is j(x)?
-24
Let v(c) be the first derivative of 6 + 14 - c - c**2 - 31. Let p = -38 - -43. What is v(p)?
-11
Let r(m) = -22*m**3 - 42*m**2 - 32*m + 220. Let b(g) = 9*g**3 + 22*g**2 + 17*g - 110. Let c(a) = 5*b(a) + 2*r(a). Give c(-25).
-10
Let h(p) = -4*p**3 + 12*p**2 - 15*p - 43. Let l(t) = 7*t**3 - 23*t**2 + 26*t + 86. Let z(u) = 5*h(u) + 3*l(u). Calculate z(8).
3
Let h(x) be the first derivative of -56 + 3*x - 5/2*x**2. Calculate h(2).
-7
Let a = 151930 + -151942. Let y(i) = -i**2 - i + 1. Let t(h) = 2*h**2 - 10*h - 7. Let n(b) = -t(b) - 3*y(b). Determine n(a).
-8
Let z(k) = -264*k + 798. Let c be z(3). Let m(q) = -3*q + 21. Calculate m(c).
3
Let m(t) = 1. Suppose -4*w = 2*q + 74, 4*w = 2*w - 3*q - 31. Let x be (-12)/10*w/6. Let r(i) = -i**2 + i - 3. Let k(j) = x*m(j) + r(j). What is k(3)?
-5
Let q(s) be the second derivative of -2*s**3 - 137*s**2/2 + 6575*s. What is q(-13)?
19
Let s(i) = -12*i**2 - 10*i + 28. Let q(m) = 2*m**2 - 2. Let f(b) = -7*q(b) - s(b). What is f(5)?
-14
Let s(f) = -f**3 - 9*f**2 + 14*f + 1. Let m = -1354 + 1344. What is s(m)?
-39
Let n(r) = r**3 - 7*r**2 + r - 3. Let b be ((-3)/(-2) + -1)*(19 - 3). Let y be 0*(2/8 - (-2)/b). Suppose -a = 3*c - y*a - 24, 3*c + 4*a = 33. Give n(c).
4
Let p(x) = x**3 + 5*x**2 - 8*x - 32. Let w be p(-5). Let f(d) be the third derivative of -d**6/120 + 2*d**5/15 + d**4/12 - d**3/2 - 128*d**2. Give f(w).
13
Let f(b) be the first derivative of -73*b**2/2 + 530. Give f(1).
-73
Let w(t) = t**2 - 5*t + 2. Suppose -4*f + 3*h + 8 = -h, 12 = 4*h. Suppose 5*p = 0, -5*p - 72 - 8 = -f*z. Let x be z/56 + (-12)/(-7). What is w(x)?
-4
Let z(v) = -5749*v**2 + 5714*v**2 + 3*v + 0*v - 2*v**3 - 264. Give z(-18).
6
Suppose 9*a = 6*a - 2*y + 9, 0 = -2*a + 3*y + 19. Let b(n) be the second derivative of -n**5/20 + 5*n**4/12 + 8*n. Give b(a).
0
Let w = 57 + -61. Let p(t) = -t**3 - t - 1. Let h(d) = 3*d**3 - 5*d**2 + 2*d - 1. Let l(n) = w*p(n) - h(n). What is l(-4)?
13
Let q = -2771 - -2773. Let p(h) = -h - 2. Calculate p(q).
-4
Let p(k) be the third derivative of k**6/720 - k**5/120 - k**4/24 - 37*k**3/6 - k**2 - 22*k. Let i(g) be the second derivative of p(g). What is i(-3)?
-4
Let u(h) = 5*h**2 - 9*h + 19. Let a(q) = -q**2 + 2*q - 5. Suppose 3*o - 324 = -33*o. Let s(v) = o*a(v) + 2*u(v). Calculate s(0).
-7
Let g(d) be the first derivative of -d**6/360 - d**4/24 - 61*d**3 + 63. Let l(c) be the third derivative of g(c). Determine l(3).
-10
Let d(f) be the third derivative of -f**6/120 + f**5/60 + f**4/12 - f**3 - 741*f**2 + 2. Calculate d(0).
-6
Suppose -5*q + 85 + 5 = 0. Let d(u) = 3*u**2 - 23 + u + 2*u**3 + 43 - q. Determine d(-3).
-28
Let j(o) be the second derivative of -o**3/6 + 13*o**2 - 25*o - 110. What is j(11)?
15
Suppose 0 = -3962*c + 3968*c - 12. Let m(d) = -2*d. Let v(u) = u**2 - 11*u. Let f(s) = 11*m(s) - 2*v(s). Calculate f(c).
-8
Let u = -119 + 147. Suppose -24 = 4*o - u. Let j(a) = a**2 + a - 2. Give j(o).
0
Let b(l) = -l**3 - 11*l**2 - 17*l - 72. Let s be b(-10). Let c(y) = 3*y**3 - 4*y**2 - 6*y - 6. Determine c(s).
-34
Let q be 1/(-3) - 4994/(-2724). Let r(k) be the second derivative of -5/6*k**3 + 0 + q*k**2 + 9*k. What is r(-3)?
18
Let w(v) be the first derivative of -v**3/3 - 8*v**2 - 17*v + 5010. Calculate w(-13).
22
Let p(y) = y - 12. Let i(t) = 449*t + 458. Let j be i(-1). Determine p(j).
-3
Let g be (-4615)/104 - (165/(-40))/11. Let n(l) = -l**2 - 44*l - 6. Determine n(g).
-6
Let k(t) = 9*t + 36. Suppose 41*m - 2*o = 38*m - 17, -3*m = -4*o + 25. What is k(m)?
9
Let f(m) = -2*m - 7. Let y(k) = 23*k + 51. Let j(a) = -44*f(a) - 4*y(a). Determine j(28).
-8
Let b be ((-6)/(-9) + 14/(-12))*(1 - 11). Let u(f) = -18*f + 93. Determine u(b).
3
Let x be 2448/(-246) + 2/(-41). Let c(v) = -v**3 - 11*v**2 - 14*v - 31. Give c(x).
9
Let a(z) = -3*z + 6. Suppose 70 = h - 6*h. Let v be -99*(2 + h/6). Suppose -5*u - v = -2*d, 5*d + 3*u + 0 = 5. What is a(d)?
-6
Suppose 37*j = 14*j - 115. Let a(x) = -2*x - 10. Let f(i) = -i + 1. Let n(u) = j*f(u) + a(u). What is n(7)?
6
Let q(t) be the first derivative of t**2/2 + 3*t + 5. Let l(p) = -p**2 - 3*p + 124. Let a be l(10). Give q(a).
-3
Let y be 320/144 - (-2)/(-9). Let x(h) = 19*h**2 + 13*h - 6. Let c(q) = 22*q**2 + 15*q - 7. Let v(b) = -6*c(b) + 7*x(b). Give v(y).
6
Let r be (54/(-4))/(-3)*(3 + -5). Let i(s) be the first derivative of s**2/2 + s + 30. Give i(r).
-8
Let s(x) = -2*x**3 - x**2 - 4*x + 5. Let r be s(2). Let l(k) = k**3 - 6*k**2 + 6*k - 10. Let y be l(4). Let f = r - y. Let j(u) = -2*u - 5. Determine j(f).
5
Let m be 3/(2/2) + (31 - 30). Let o(v) = 0*v + 2*v - m*v + 1 + 0*v. Let g(z) = -z. Let r(p) = -6*g(p) + 2*o(p). Calculate r(2).
6
Let f(y) = y**2 + 2*y - 7*y + 2454 - 2447. Let q be f(0). Let i(w) = w**2 - 5*w + 1. Determine i(q).
15
Suppose 2*u = 4*u - 2. Let k(m) = m**2 + m - 3. Let n be k(-3). Let q(g) = 368*g - 2 - 367*g + n. What is q(u)?
2
Let b(j) be the second derivative of -7*j**5/20 + j**4/4 - j**2/2 - 813*j - 2. Calculate b(2).
-45
Suppose -15*p = -647 + 62. Let d(z) = 2*z**2 - 72*z - 1 + 30*z + p*z. Determine d(-2).
13
Suppose 12*t + 45*t = 513. Let f(o) = 19*o - 169. What is f(t)?
2
Let x(l) = 31*l + 3. Let h = 16017 - 16014. What is x(h)?
96
Let c(p) = 3 - 2 + 3*p - 2. Let m(h) = -4*h**3 - h**2 + 2*h - 1. Suppose 4 = -2*i, 5*i + 6 = 2*l + 3*i. Let z be m(l). Determine c(z).
-13
Let s be -2*3/(-4)*2. Suppose -3*f + s = -0. Let j(r) = -28*r + 3. Let n(l) = -37*l + 4. Let o(g) = -5*j(g) + 4*n(g). Give o(f).
-7
Let r(x) be the second derivative of x**5/20 + x**4/2 - 2*x**3/3 - 2*x**2 - 2152*x. What is r(-7)?
-25
Let f = -773 - -775. Suppose 19*o + 255 = f*o. Let r(y) = y**2 + 14*y - 12. Give r(o).
3
Let d(r) = -3*r - 3. Let t = -15 - -21. Let l be (2 + (-112)/6)/((-4)/t). Suppose -6*h + l = 7. Determine d(h).
-12
Let p(w) = w**3 + 6*w**2 - 7*w + 23. Suppose -59*k - 231*k - 2030 = 0. What is p(k)?
23
Suppose -5*l = -19 - 16. Let b(p) = 6*p + 47. Let u(r) = 3*r + 39. Let a(f) = -2*b(f) + 3*u(f). Determine a(l).
2
Suppose -5*w - 5*t + 50 = 0, 20 = 4*w - 5*t - 11. Let p(q) be the third derivative of 1/3*q**3 + 0 + 0*q - 5*q**2 - 3/8*q**4 + 1/60*q**5. Calculate p(w).
2
Let a(u) = u**2 + 0 - 2*u + 4 + 3*u. Let n(w) = -29*w**2 + 150*w - 22. Let x be n(5). Determine a(x).
16
Let v be 1/(1*(-2)/(-4)). Let h(l) = 3*l**2 - v*l**2 + 2 - 3 + 2*l - 5*l. Suppose 2*f + w - 6 = 0, f - 462*w = -466*w - 11. Give h(f).
9
Let z = 13 - 5. Let n be ((-4)/2)/(z/(-4)). Let l(p) = -1 + 285*p - 577*p + 287*p. Calculate l(n).
-6
Let h(d) be the third derivative of -d**6/8 + d**5/60 - 72*d**2 + 1. Let f(v) = v - 3*v + 6*v + 0*v**2 + v**2 - 22. Let k be f(-7). Give h(k).
16
Let w(f) = -f**2 - 9*f - 27. Let c be w(-8). Let z = -19 - c. Let o(j) = 23 - 13 - j - 15 + z*j. What is o(-5)?
0
Let m(a) be the second derivative of a**5/10 + 7*a**4 - 29*a**3/2 - 24*a**2 + 5*a + 22. Calculate m(-43).
-5
Suppose 5*c + 297 - 867 = 0. Let b(k) = 58*k - c*k + 15 + 59*k. What is b(-6)?
-3
Let v(l) be the first derivative of l**4/4 - 11*l**3/3 + l**2/2 - 2*l + 2622. Let u(o) = -o**3 - 2*o**2 + 2. Let q be u(-3). Calculate v(q).
9
Let m = 146 - 129. Let y(v) = v**2 - 13*v + 10. Let f be y(m). Let c = -79 + f. Let d(s) = s**3 - 1. Give d(c).
-2
Let s(d) = 35 - 19*d + d**3 - 2690*d**2 - 2689*d**2 + 5384*d**2. What is s(-8)?
-5
Let t = -58 - -62. Let r(z) = 10*z + 5. Let c(o) = 2*o + 1. Let u(w) = t*c(w) - r(w). Give u(8).
-17
Let g(r) = -10*r + 97. Let l = 38 - 28. Calculate g(l).
-3
Let n(i) be the second derivative of -i**4/12 - 7*i**3/3 - 22*i**2 + 3765*i. Determine n(-10).
-4
Let m be 0/(-2)*(-34)/(-102). Let q(k) = 49 + 7*k - 41 + k**3 + m*k**3 - 8*k**2. Calculate q(7).
8
Let k be ((-2948)/10)/2 + 42/(-70). Let y = -151 - k. Let t(z) = 4*z**2 - 1. Determine t(y).
35
Let l(i) = -i**3 - 167*i**2 - 294*i - 21245. Let d be l(-166). Let p(k) = 17*k - 11. Let y(m) = 9*m - 5. Let o(j) = 4*p(j) - 9*y(j). Determine o(d).
-38
Let f(c) be the second derivative of c**3/6 + c**2 - c. Let o(v) = -12*v + 92. Let l be o(27). Let b = l - -237. Give f(b).
7
Suppose f = 2*f - 1. Let x = -3 + f. Let n(j) be the second derivative of